s**3 - 17*s**3. Give r(4).
97
Let m(y) = -y**2 + 17*y - 5. Let n be m(18). Let x = -20 - n. Suppose -h + 13 + 11 = 5*p, -x*p - 3*h + 12 = 0. Let b(t) = 2*t - 3. What is b(p)?
7
Suppose 698*o - 352*o - 349*o = 15. Let q(f) = f**3 + 5*f**2 + 3*f - 5. Give q(o).
-20
Let q(v) = 11*v**3 + 7*v**2 + 26*v + 4. Let n(w) = -26*w**3 - 14*w**2 - 51*w - 9. Let d(l) = 3*n(l) + 7*q(l). Calculate d(10).
-9
Let a = 14 + -11. Let x(y) = -a*y + 6*y - 1 + 0*y. Let l = -328 - -332. Determine x(l).
11
Let k(o) = 6*o - 33 + o**2 + 3 + 9 - 14*o + 10*o. Give k(-5).
-6
Let n(d) = 2*d + 5. Let s be n(-7). Let y = -10 - s. Let x(w) be the third derivative of -w**4/4 - w**3/6 - 23*w**2 - 3*w. Give x(y).
5
Let a(l) be the second derivative of l**5/120 - 5*l**4/24 + 191*l**3/6 + l - 3. Let g(j) be the second derivative of a(j). Determine g(7).
2
Suppose -5*t - 2*j = -3*t - 226, -5*j - 515 = -5*t. Suppose -2*o = 5*q - t + 398, 0 = 3*q + 2*o + 174. Let y = q + 53. Let x(c) = c + 5. Give x(y).
0
Let m(f) = -23*f - 12*f - 33 - 3*f - 2*f**2. Let v be m(-18). Let h(i) = -11 + 10 - v*i + 9*i + 6*i. Give h(1).
11
Let c(l) be the third derivative of l**5/12 + 3*l**4/8 - l**3/3 - 1202*l**2. What is c(-4)?
42
Let b(h) = h + 7. Let u be (-15)/(-10)*(1984/6)/4. Suppose u*q + 3 = 125*q. Suppose 3*m + 44 = -5*f, -5*m - 48 = q*f - f. Calculate b(m).
-1
Let j(l) = l**2 + 9*l - 7. Let z(c) = 4*c**3 - 211*c**2 + 358*c + 52. Let x be z(51). Suppose 346 = -3*o + 13. Let s = o + x. Give j(s).
-15
Let g(b) = 51*b - 1. Let r(s) = -434*s + 9. Let c(y) = -17*g(y) - 2*r(y). Let q be 14/4*(-4)/(-7). Suppose -2*v = -q - 0. Determine c(v).
0
Let o(g) = -7*g**2 - 32*g + 32. Let x(m) = -m**2 + 11*m - 41. Let q be x(7). Let s(k) = 15*k**2 + 66*k - 66. Let b(r) = q*o(r) - 6*s(r). Calculate b(-21).
1
Let u(f) be the first derivative of -f**3/3 + f**2 + 6*f - 692. Let y(i) = -9*i - 5. Let t be y(-1). Calculate u(t).
-2
Let q(b) = 2*b - 4. Let h(r) = -17*r + 19. Let i(m) = h(m) + 5*q(m). Determine i(-4).
27
Let w(f) be the third derivative of -f**5/6 + f**4/6 - f**3/3 + f**2 + 3*f + 425. Give w(3).
-80
Let n(c) = -c**3 - c - 2. Suppose -4*a + 0 = 24. Let g(d) = 3*d**3 + 6*d + 13. Let k(j) = a*n(j) - g(j). Give k(-1).
-4
Suppose -2*l = -0 + 8. Let f = 94 - -64. Let a(x) = -4*x + 0 - f*x**2 - x**3 + 153*x**2 + 0*x - 3. What is a(l)?
-3
Suppose -2*q + 6 = q. Suppose q = 3*y - 1. Let n(h) = 292*h**3 + 3*h**2 + 0*h**2 + 15*h - 16*h - 2*h**2 - 304*h**3. Determine n(y).
-12
Let g(y) = y**3 + 3*y**2 - 3*y + 6. Let r = 431 - 427. Suppose r*l + 5*z = -11, -l + 5*z - 9 = -0*l. Calculate g(l).
2
Let j(o) = -10*o - 52. Suppose 4*q - 40 + 52 = -4*u, -2*u + 5*q = 13. Give j(u).
-12
Let v(g) = -2*g + 53. Let t(o) = 3*o - 64. Let f(z) = 5*t(z) + 6*v(z). Suppose -3*s + 4*s + 5 = 0. Calculate f(s).
-17
Let a(x) = -x**3 + 4*x**2 - 4*x + 3. Let z = -11 + 6. Let b be 8 + -10*z/(-10). Give a(b).
0
Let g(v) = 7*v**3 + 8*v**2 + 12*v + 11. Let t(h) = -2*h**3 + h**2 + 1. Let c(b) = -g(b) - 4*t(b). Let j(u) = 7*u + 6 - 10 + 1 + 9. Let a be j(1). What is c(a)?
-2
Let n(h) = -2*h**2 - h. Let j(c) = -c. Let u = -8 - -12. Let y(i) = u*j(i) - n(i). Let k be -1 + 1 + 2 + 1. Determine y(k).
9
Let z(j) = j**2 - 6*j + 14. Let a be z(4). Let t(w) = w**3 - 2*w**2 - 24*w + 2. Let i be t(a). Let c(p) = 3*p + 1. Calculate c(i).
7
Let u(k) = 77*k**2 - 10*k + 7. Let z(a) = 64*a**2 - 9*a + 8. Let c(d) = -5*u(d) + 6*z(d). Give c(6).
-47
Suppose 5*z - 2 - 8 = 0. Let q(o) be the first derivative of -o**4/12 + o**3/3 + 128*o - 7. Let r(p) be the first derivative of q(p). Calculate r(z).
0
Let b(f) = -2*f**2 - 4*f - 4. Let y be b(-1). Let z(k) = -3*k**2 - 2*k + 31. Let d(r) = -5*r**2 - 3*r + 43. Let w(v) = 5*d(v) - 7*z(v). What is w(y)?
-16
Let h(k) = 3*k**3 - 149*k**2 - 48*k - 95. Let o be h(50). Let r(f) = f**2 - 5*f + 5. Determine r(o).
5
Let f(c) = -2*c**2 + 17*c + 4. Suppose 0 = -2*l + 4*b - 2, 4*l - 11 = -4*b + 45. Give f(l).
-5
Let w(x) be the first derivative of x**3/3 + 5*x**2/2 + x - 2. Let h be 6 - ((-40)/(-20) - -8). What is w(h)?
-3
Let a(l) = 1729 - 862 - 2*l + l**2 - 870. Let w(z) = 6*z**2 - 9*z - 15. Let g(o) = 11*a(o) - 2*w(o). Give g(-2).
1
Let y(w) = -5*w**3 - 2*w - 1. Suppose 2*t - 69 - 27 = 0. Let l be 5 + -8 - (3 + -54 + -1). Let g = t - l. Give y(g).
6
Let c = 879 - 877. Let w be (-2)/4 + 14/4. Let r(l) = -4*l**2 - 3*l + 7*l**2 - 8*l**c - w. What is r(-2)?
-17
Let o(g) = -6*g**2 - 5*g + 6. Let y = 9072 - 9075. Calculate o(y).
-33
Let q(c) = c**2 - c. Let s(y) = 5 + y - 11 + 5*y**2 - y. Let l(d) = -6*q(d) + s(d). Let z be l(5). Let p(o) = o**2 - 2*o - 1. Determine p(z).
2
Suppose 0 = -4*b + 12, 5*b - 11 = 2*i - 0. Suppose -2*h - 4*z = -i*z + 4, z = h - 8. Let s(j) = j**3 - 2*j**2 + 1. Determine s(h).
10
Let o(c) be the first derivative of c**3/6 - c**2 - 31*c - 41. Let a(x) be the first derivative of o(x). What is a(2)?
0
Let f = 8 - 5. Let n be f + -6 - (1 + -1). Let t(r) = 6 + 2*r - 9 + 0 + 0 + 0. Determine t(n).
-9
Let b(m) = -13*m - 15. Let a(x) = -46*x - 45. Let s(c) = 6*a(c) - 21*b(c). Calculate s(12).
9
Let v(b) = b**3 + 3*b**2 - 2*b - 4. Let h = -164 - -162. Let j(s) = s**3 - 2*s + 1. Let y be j(h). Determine v(y).
2
Let v = 1 - -1. Let y(c) be the second derivative of -c**6/90 + c**5/120 - c**4/24 + 3*c**3/2 + 38*c. Let z(f) be the second derivative of y(f). Give z(v).
-15
Let o(z) = -2*z + 18. Let s = -124 - -135. Suppose s*a = 85 + 47. Give o(a).
-6
Let m be 35/56*648/135. Let d(b) = -11*b**3 + 3*b**2 + b + 8. Let y(k) = -4*k**3 + k**2 + 3. Let i(t) = 3*d(t) - 8*y(t). Calculate i(m).
-9
Let t(c) = 4*c - 2. Let u(h) = -h - 1. Let p(l) = 4*l + 59. Let y(j) = -2*p(j) + 6*u(j). Let f be y(-9). What is t(f)?
6
Let c = 12032 - 12026. Let o(v) be the third derivative of 0*v + 1/20*v**5 + 1/6*v**4 - 1/3*v**3 - 1/120*v**c - 14*v**2 + 0. Determine o(3).
10
Let n be (2 + 4)*-22*6/(-24). Let t(x) = x**2 - 44*x + 356. What is t(n)?
-7
Let c be 6/4 + (-9)/(-6). Let r(o) = -55*o + 56*o + 1 - o**c - 8*o**2 + 11*o**2. Let a = 5 - 3. Give r(a).
7
Let y(s) = -172885 + 5*s + 86447 + 86441 - 3*s. Suppose 10 = -2*u - 0*u. Determine y(u).
-7
Let z(c) be the third derivative of -c**4/24 - c**2. Suppose -7*j + 213 = 31. Let b(p) = 2*p - 48. Let t be b(j). What is z(t)?
-4
Let y(t) = 169 + 12*t**2 - 17*t**2 - 60 + t**3 + 7*t - 98. Give y(5).
46
Let o(b) be the third derivative of b**6/120 + b**5/4 + b**4/24 + 23*b**3/6 + 6*b**2 - 3*b. What is o(-15)?
8
Let h(s) = -4*s**2 - 28*s + 2. Let w be h(-7). Let v(y) = y - w + 0 - 5 - 2*y. Determine v(-7).
0
Let q(i) be the first derivative of i**4/12 - 4*i**3/3 + 8*i**2 - 53*i + 266. Let w(o) be the first derivative of q(o). Give w(8).
16
Let x(y) = -27 - 7*y**2 + y**3 + 10*y + 4 + 12. Calculate x(6).
13
Let q be (-1 - (5 + 0)) + 16 - 2. Let r(x) = -5*x + 66. Determine r(q).
26
Suppose 3*m = -2*t + 89, -m + 2*t + 0*t = -35. Let u = m + -29. Let w(z) = -4*z + 4*z**u + 4*z - z**3 - 3*z. Determine w(4).
-12
Suppose 11*m + 5*m + 432 = 0. Let j be (40/(-6))/(3*6/m). Let x(r) = -14*r**2 - 7*r + 3*r**3 + 6*r**2 - j - r**3 - 3*r**3. Give x(-7).
-10
Suppose 9*r = 8*r + 74. Let z = 77 - r. Let b(a) be the second derivative of -2*a**3/3 - 2*a**2 + 48*a. Calculate b(z).
-16
Let w(x) = x + 6. Suppose -c = -6, -2*t + 5*t - 12 = -c. Calculate w(t).
8
Suppose -45*y + 11*y = -3672. Let w(a) = a**2 - 110*a - 12 + y*a + 4. What is w(8)?
40
Let x = -1019 - -1701. Let w(d) = 1360*d - 3 - 679*d - x*d. Calculate w(2).
-5
Let w = 266 + -264. Let r(y) = -y**w - 5 - 9*y - 23*y + 27*y. Calculate r(-5).
-5
Let k(c) = -73*c + 6358. Let m be k(87). Let y(v) = v**3 - 5*v**2 - 6*v - 11. Calculate y(m).
45
Let w(z) = 10*z**2 - 7*z - 1. Let g(p) = 33*p**2 - 20*p - 2. Let q(r) = 2*g(r) - 7*w(r). Give q(5).
-52
Let l be (-3)/9*-5*63/(-105). Let k(h) = 10*h + 23. Calculate k(l).
13
Let m(s) be the first derivative of -s**4/4 + 14*s**3/3 - 13*s**2 + 17*s - 841. Calculate m(12).
-7
Let u(k) = -19*k**2 + 16*k**2 - 5*k - 4*k**2 + 6 + 3*k**2 + 2*k**2. Give u(-6).
-36
Let l(m) be the second derivative of -m**3 + 16*m + 2 + 3/2*m**2. What is l(6)?
-33
Let a be (-27)/(-513) - (-188)/38. Let v(w) = -w**3 + 7*w**2 - 2*w - 13. Determine v(a).
27
Let f(a) = 19*a - 5. Let i = 5877 + -5878. Give f(i).
-24
Suppose -32*m - 200 = -33*m. Suppose 5*t - m = -2*a